4553?
291
Calculate the highest common factor of 1200200 and 340.
340
What is the greatest common factor of 108 and 1516?
4
Calculate the highest common divisor of 666360 and 135.
135
Calculate the greatest common divisor of 753 and 273841.
251
Calculate the greatest common factor of 9330 and 2120.
10
What is the highest common divisor of 182273 and 728?
91
Calculate the greatest common factor of 40 and 92260.
20
What is the highest common divisor of 2275014 and 84?
42
Calculate the greatest common divisor of 62 and 5177.
31
Calculate the highest common factor of 68 and 3636.
4
What is the highest common divisor of 21 and 2905?
7
What is the highest common factor of 1668 and 626751?
417
What is the highest common factor of 189 and 9975?
21
Calculate the highest common factor of 137233 and 333.
37
What is the greatest common divisor of 2424824 and 564?
188
Calculate the highest common divisor of 264 and 18132.
12
Calculate the greatest common factor of 21022 and 92.
46
What is the highest common divisor of 478 and 758?
2
Calculate the greatest common factor of 256 and 309504.
256
Calculate the greatest common factor of 385 and 4290.
55
What is the highest common factor of 2062905 and 2980?
745
Calculate the highest common divisor of 137385 and 43.
43
What is the greatest common divisor of 9876 and 552?
12
Calculate the greatest common factor of 2489174 and 17.
17
What is the highest common factor of 2579115 and 462?
231
What is the greatest common factor of 1203 and 48?
3
What is the highest common factor of 47794 and 184?
46
Calculate the highest common divisor of 12 and 12198.
6
What is the highest common divisor of 6 and 1509?
3
What is the highest common factor of 793 and 26535?
61
What is the highest common divisor of 397010 and 1480?
370
What is the highest common factor of 7 and 19440176?
7
What is the highest common divisor of 4705 and 292651?
941
Calculate the greatest common factor of 18 and 179217.
9
Calculate the highest common factor of 56242 and 65462.
922
Calculate the highest common factor of 2809 and 3233.
53
What is the greatest common divisor of 39634 and 1862?
266
Calculate the highest common divisor of 25 and 19675.
25
What is the greatest common divisor of 2209 and 4512?
47
Calculate the greatest common divisor of 1 and 20201.
1
What is the highest common factor of 58195 and 995?
5
Calculate the highest common factor of 3579 and 48.
3
What is the highest common divisor of 2250 and 79575?
75
Calculate the highest common divisor of 83125 and 133.
133
What is the greatest common factor of 2730 and 48930?
210
Calculate the highest common divisor of 425 and 8007.
17
What is the highest common divisor of 42240 and 103356?
132
Calculate the greatest common divisor of 398 and 175120.
398
What is the greatest common divisor of 14837 and 93032?
401
Calculate the greatest common divisor of 212106 and 29.
29
Calculate the highest common divisor of 423 and 19599.
141
Calculate the greatest common factor of 219 and 44603.
73
What is the highest common divisor of 97244 and 70?
14
Calculate the greatest common divisor of 154682 and 154.
22
What is the greatest common divisor of 560 and 220864?
112
What is the greatest common divisor of 5356 and 22248?
412
Calculate the greatest common factor of 295642 and 736.
46
What is the greatest common factor of 66 and 8745?
33
Calculate the greatest common divisor of 22 and 403656.
22
What is the highest common factor of 44514 and 18?
18
Calculate the greatest common divisor of 733128 and 55.
11
Calculate the greatest common factor of 8680295 and 130.
65
Calculate the highest common factor of 17150 and 1750.
350
What is the greatest common divisor of 43275 and 9232?
577
Calculate the greatest common divisor of 22289 and 1519.
31
Calculate the greatest common factor of 29 and 555031.
29
What is the highest common factor of 256 and 264832?
128
What is the greatest common divisor of 20 and 353620?
20
Calculate the highest common divisor of 77188 and 184.
92
Calculate the greatest common factor of 171954 and 17712.
738
What is the highest common factor of 703 and 48951?
37
What is the highest common factor of 27 and 12339?
27
Calculate the highest common factor of 2739 and 969.
3
What is the greatest common divisor of 4128 and 1056?
96
What is the greatest common divisor of 26 and 64?
2
What is the highest common divisor of 45 and 2792358?
9
What is the greatest common factor of 43736 and 3696?
616
Calculate the greatest common factor of 14920 and 3240.
40
Calculate the greatest common factor of 49381 and 2185.
437
What is the highest common factor of 37 and 286417?
37
Calculate the greatest common factor of 3870 and 8772.
258
Calculate the highest common factor of 590 and 1645510.
590
Calculate the highest common divisor of 23808 and 6528.
384
What is the greatest common divisor of 6233 and 3956?
23
What is the greatest common factor of 125 and 92875?
125
Calculate the highest common factor of 14923316 and 212.
212
What is the highest common divisor of 966 and 1506477?
483
Calculate the greatest common factor of 4615 and 63545.
355
What is the highest common divisor of 72 and 12352?
8
Calculate the highest common divisor of 539 and 70609.
539
Calculate the highest common divisor of 3625 and 87.
29
Calculate the highest common factor of 72 and 409392.
72
What is the highest common divisor of 9312 and 139098?
582
What is the highest common factor of 4900196 and 184?
92
Calculate the highest common divisor of 22 and 154176.
22
What is the highest common factor of 280 and 1379420?
140
Calculate the highest common divisor of 2 and 31.
1
Calculate the highest common divisor of 2329 and 8083.
137
What is the highest common factor of 42 and 36078?
42
What is the greatest common factor of 15 and 424185?
15
What is the highest common divisor of 435 and 67512?
87
Calculate the highest common divisor of 1200 and 270672.
48
Calculate the greatest common divisor of 2788 and 577936.
164
Calculate the highest common divisor of 528 and 250888.
88
Calculate the greatest common divisor of 510 and 24650.
170
Calculate the highest common factor of 8792 and 1148.
28
What is the highest common divisor of 5292 and 91?
7
Calculate the highest common factor of 64 and 33392.
16
What is the highest common factor of 43750 and 56?
14
What is the highest common divisor of 868462 and 119?
119
What is the highest common divisor of 460 and 17620?
20
What is the greatest common divisor of 2854248 and 72?
24
What is the greatest common factor of 1336 and 428522?
334
Calculate the highest common factor of 8414 and 14.
14
Calculate the greatest common factor of 276 and 966.
138
What is the greatest common factor of 120 and 123710?
10
Calculate the highest common divisor of 1044 and 1092372.
348
What is the highest common factor of 34209 and 189?
189
What is the greatest common factor of 186900 and 28?
28
Calculate the greatest common divisor of 294 and 17290728.
294
What is the greatest common factor of 304 and 2147?
19
What is the greatest common divisor of 40 and 170160?
40
Calculate the greatest common factor of 49850 and 950.
50
What is the highest common factor of 363 and 226743?
33
Calculate the greatest common factor of 36273 and 3745.
107
Calculate the highest common factor of 5154 and 654.
6
What is the highest common divisor of 2567 and 1054?
17
What is the highest common divisor of 270 and 21415?
5
Calculate the greatest common divisor of 252 and 25893.
63
Calculate the greatest common divisor of 1638 and 3874.
26
Calculate the greatest common factor of 21 and 19859.
7
Calculate the highest common factor of 251000 and 120.
40
What is the greatest common factor of 1531384 and 11984?
856
Calculate the highest common divisor of 5485 and 659297.
1097
Calculate the highest common divisor of 219358 and 134.
134
Calculate the greatest common divisor of 35 and 156373.
7
What is the greatest common factor of 34480 and 512?
16
Calculate the greatest common divisor of 134 and 50719.
67
Calculate the highest common factor of 2820 and 466005.
705
Calculate the greatest common divisor of 1134204 and 94.
94
What is the highest common factor of 2639 and 1365?
91
What is the highest common divisor of 9559 and 3509?
121
What is the highest c